 + 304. Calculate the remainder when s is divided by 32.
28
Let x(g) = g**3 + 21*g**2 + 19*g + 8. Let s = -177 + 259. Calculate the remainder when s is divided by x(-20).
26
Calculate the remainder when (3 + (-4 - -8))*(29 + -1) is divided by 16.
4
Let q(z) = z**3 + 13*z**2 + 17*z + 19. Let k(s) = s + 1. Let u be k(-12). Calculate the remainder when q(u) is divided by 19.
17
Let t be 2684/(-14) - 8/28. Let v = t + 293. What is the remainder when v is divided by 26?
23
Let u = -282 + 290. Let g = 30 + -16. What is the remainder when g is divided by u?
6
Let c = 21 - 12. Suppose n - c = -0*n. Calculate the remainder when 0 + 5 - 7 - -12 - -5 is divided by n.
6
Calculate the remainder when 2 + (-908)/(-2 - 0) is divided by 20.
16
What is the remainder when 136 is divided by (588/(-35))/14*(-1 - 19)?
16
Let c(u) = 4*u + 81. Calculate the remainder when c(11) is divided by 22.
15
Suppose 0 = 2*n - 5*n + 6. Suppose 0 = 4*q - q + 3, -22 = -3*r - n*q. Let x(v) = -v**2 + 8*v + 7. Calculate the remainder when x(7) is divided by r.
6
Let p(b) = 66*b**2 + 367*b + 15. Calculate the remainder when p(-6) is divided by 47.
1
What is the remainder when (-1650)/4*(-6)/(-36)*-4 is divided by 73?
56
Suppose 34 = -3*k + 16. Let q = 44 + k. Calculate the remainder when 147 is divided by q.
33
Suppose 2*z = 6 - 12. Suppose 0 = i - 4*i + 84. Calculate the remainder when i is divided by 61/4 + z/12.
13
Suppose 5*d - 428 - 848 = -4*a, -4*d = -5*a - 1029. What is the remainder when d is divided by 96?
64
Suppose 0*t - 1708 = -28*t. Calculate the remainder when t is divided by 16.
13
Let b(a) = -5*a**2 - 2*a + 2. Let y be b(-1). Let d(c) = -182*c + 7. Calculate the remainder when d(y) is divided by 32.
29
Suppose -58 = -2567*i + 2565*i. Calculate the remainder when 71 is divided by i.
13
Suppose g = -5*l - 41 + 76, -5*l = 5. Calculate the remainder when 49 is divided by g.
9
Let o = -276 - -355. Calculate the remainder when o is divided by 5.
4
Let y(k) = k**3 - 5*k**2 + 15*k - 212. Calculate the remainder when y(8) is divided by 41.
18
Suppose -77 - 475 = -23*y. What is the remainder when y is divided by 3?
0
What is the remainder when 153 - (5/(-15) - (-152)/24) is divided by 45?
12
Let z = 190 + 0. Let y = -153 + z. Calculate the remainder when y is divided by 13.
11
Let f be (-12)/(-48) + (343/(-4))/(-1). Suppose 3*q = 10 + f. What is the remainder when q is divided by 7?
4
What is the remainder when 159 is divided by ((-30)/(-75))/(4/1510)?
8
Let y = -221 + 378. Let l = y + -54. Calculate the remainder when l is divided by 15.
13
Suppose 2*s - 70 = s. Suppose -s = -5*u - 4*n, 0*u - 4*u - 3*n = -55. Calculate the remainder when 19 is divided by u.
9
Let u(r) = -r**3 + 21*r**2 + 20*r + 58. Calculate the remainder when 64 is divided by u(22).
8
Suppose -614*u - 2*n + 22 = -613*u, n + 31 = 3*u. Suppose 63 = -3*q - 4*c + 237, 3*q - 5*c = 174. What is the remainder when q is divided by u?
10
Let g(p) = -p**3 + 5*p**2 + 11*p - 10. Let t be g(8). Let j = -61 - t. Suppose 0*r + 72 = 4*r. Calculate the remainder when j is divided by r.
17
Let i(n) = n + 3. Let v be i(7). Let q = -2 - -8. Let w = v - q. Calculate the remainder when 11 is divided by w.
3
Let p = -1686 + 1749. What is the remainder when 183 is divided by p?
57
Suppose 2*f - r - 11 = 0, 0 = 3*f + r - 2*r - 15. Suppose x = 3*x - 114. Calculate the remainder when 6/f - x/(-2) is divided by 16.
14
Let z(r) = 10*r**2 + r - 10. What is the remainder when z(-3) is divided by 20?
17
What is the remainder when 110 is divided by -56*4/(-28)*4?
14
Let o(k) = 48*k**3 - 2*k**2 + 1. Let z be -1 + (0 - -4) - 2. Calculate the remainder when o(z) is divided by 12.
11
Let z(c) be the third derivative of 7*c**5/60 + c**4/8 - c**3/6 - 19*c**2. What is the remainder when z(-4) is divided by 25?
24
Suppose 5 = -5*u + 40. Let w = u - 4. What is the remainder when 7 is divided by w?
1
Let h(o) = -o**3 + 20*o**2 + 23*o + 10. What is the remainder when 103 is divided by h(21)?
51
Let d be 4/12 + (-2080)/(-6). Suppose -5*j + 3*i = d, -3*i = -2*j - 8 - 129. Calculate the remainder when 54/(-21)*j/15 is divided by 7.
5
Let z(n) = -73*n - 775. Calculate the remainder when 1453 is divided by z(-11).
25
Let j = -94 - -466. Suppose -9*p + 3*p = -j. What is the remainder when p is divided by 13?
10
Let k = 120 - -146. Suppose k = 2*p - 0*p. Suppose 0 = -5*a - 2*a + p. What is the remainder when a is divided by 5?
4
Let z = -152 + 158. Calculate the remainder when 24 is divided by z.
0
Let q = 624 - 605. What is the remainder when 43 is divided by q?
5
Calculate the remainder when 43 is divided by 5 - -4*2/(-8).
3
Suppose -q - 18 = -72. Let a(y) = 4*y**2 + 16*y + 42. Let m be a(-7). Suppose m = -14*g + 23*g. What is the remainder when q is divided by g?
12
Suppose 0 = -i + 3*b + 33, 3*i - 4*b - 209 = -2*i. Calculate the remainder when 133 is divided by i.
43
Let h(v) = 3*v**2 - 40*v - 340. Let y = -57 + 86. Calculate the remainder when y is divided by h(-6).
5
Suppose 0 = -b - 2*b + 5*c + 69, b + 3*c = 9. Let l(o) = o**3 - 12*o**2 - 4*o + 82. Calculate the remainder when l(12) is divided by b.
16
Let w = -225 - -517. Suppose 44 + w = 3*q. Calculate the remainder when q is divided by 38.
36
Suppose -a = -39 + 15. Suppose a = -d + 4*d. Let b(k) = -k**2 + 21*k - 44. What is the remainder when b(14) is divided by d?
6
Let z(v) = -4*v - 26. Calculate the remainder when 139 is divided by z(-15).
3
Suppose -4 = 2*o - 18. Let v be 5/((-14)/(-12) - 2/2). Suppose -10*u = -4*u - v. What is the remainder when o is divided by u?
2
Let u = -408 - -456. Calculate the remainder when 143 is divided by u.
47
Let v = -1715 + 2475. Calculate the remainder when 83 is divided by (-4)/(-22) + v/55.
13
Suppose 4*b = -2*x - 82, -x + 4*b - 140 = 3*x. Let f = 74 + x. What is the remainder when 146 is divided by f?
35
What is the remainder when 19 is divided by 6 + (-215)/(-20) - 12/16?
3
Suppose -18*r + 23*r - 473 = 3*u, 2*r - 5*u - 174 = 0. What is the remainder when r is divided by 21?
13
Let a = 33 + -37. Let p = 46 - 8. What is the remainder when p is divided by (-3)/(12/(-68)) + a?
12
Suppose -2*c + 73 - 5 = 0. Calculate the remainder when 65 is divided by c.
31
Let z(u) = u + 2. Let a be z(5). Suppose a*m - 45 = 4*m. Calculate the remainder when m is divided by 4/(-18) - (-249)/27.
6
Let b = -9 + 18. Let q = 37 - 34. What is the remainder when b is divided by (q/4)/((-3)/(-96)*4)?
3
Let x(j) be the first derivative of -4 - 15/2*j**2 - j. Calculate the remainder when 55 is divided by x(-2).
26
Let x = -174 + 232. Calculate the remainder when x is divided by ((-10)/(-25))/((-2)/(-100)).
18
Let l = -57 + 62. Suppose -113 - 97 = -l*f. What is the remainder when f is divided by -3*((-165)/(-9))/(-5)?
9
Let d(n) = -n**2 - 8*n - 2. Let z be 2 + 4 + (-4 - -4). Suppose 0 = y - z*y + 35. What is the remainder when d(-3) is divided by y?
6
Calculate the remainder when (183/(-244))/((-3)/268) is divided by 27.
13
What is the remainder when 2433 is divided by 292/7 - (-206)/721?
39
Let j = -11 - -7. What is the remainder when (0 - 40)/j + -2 is divided by 2?
0
What is the remainder when 6/48 - (-3957)/24 is divided by 17?
12
Let b(q) = 13*q + 6. Let c be b(4). Let y = -39 + c. Calculate the remainder when 56 is divided by y.
18
Let r = -56 - -41. What is the remainder when 28 is divided by 0 - 164/(-10) - (-6)/r?
12
Suppose 4*q = 6*q + 298. Let i = q - -212. Calculate the remainder when i is divided by 22.
19
Let k = -39 - -48. Let q(w) = 3*w**2 - 22*w + 12. Suppose 0 = c - 3*b + 6 - 15, 5*b = 3*c - 35. Calculate the remainder when q(k) is divided by c.
12
Calculate the remainder when 96 is divided by (21/(-6))/((-7)/28).
12
Suppose -4*t + 51 = 7. Suppose -5*n + 227 = 3*m, -4*m - 54*n + 300 = -50*n. What is the remainder when m is divided by t?
8
Suppose -3*x + 24 = x. Let f be -97 + 1 + 56 + -61. Let o = 122 + f. Calculate the remainder when o is divided by x.
3
Let z(u) = -u**2 + 12*u + 6. Let i be z(16). Calculate the remainder when 18 is divided by i/(-8) - 9/36.
4
Let d = 2793 + -2238. Calculate the remainder when d is divided by 94.
85
Let p(z) = z**3 + 20*z**2 + 52*z + 21. Calculate the remainder when 31 is divided by p(-17).
3
Let u = 73 - 44. Let j = 49 + -6. Let z 